 - (44 - (5 + 3 + -10 + 11)).
-26
Calculate -9 - ((-9 - -2) + (3 - 1)).
-4
Evaluate 3 + -1 - (26 + 22 + -39 + -20).
13
Evaluate 0 - (-9 + 24 + -4).
-11
9 - (-3 + 7 - -13)
-8
What is -7 + -5 + (-6 - 2) + 12?
-8
Evaluate 0 + 10 + (-190 - -189).
9
Calculate (13 - 6 - -1) + 4.
12
Calculate (-6 - -8 - (6 + 0)) + 3.
-1
0 - -17 - (17 - (13 - -2))
15
Calculate 1 + (9 + -17 - (-1 + -11)).
5
Evaluate -4 + ((19 - 7) + 6 - (0 + -7)).
21
What is the value of -38 - (-27 - (-4 + 20))?
5
What is the value of 4 + (3 - 6) + (-1 - (7 + -8))?
1
15 + -6 + (35 - 28)
16
What is (0 - 22) + 1 + 21?
0
Evaluate -130 + 142 + -2 + 1 + 18 + -1.
28
What is the value of 13 + 2 + -7 - (3 + 3)?
2
Calculate 0 + 2 - ((-2 - (-2 - -3)) + 0).
5
Evaluate (20 - (-18 - -29)) + 6 + 0.
15
What is 17 + -8 + 2 + -9?
2
19 + -1 - (-24 + 14 - -20)
8
What is 14 - 28 - (0 + -23)?
9
What is -9 + -18 + 37 - (-7 + 5)?
12
What is the value of -18 + 15 + 4 + (-3 - 0) - 6?
-8
(-6 - (0 - 3)) + -2 - (-2 - 8)
5
What is the value of (29 - -12) + (8 - 32)?
17
What is the value of -35 + 16 - -9 - -8?
-2
-4 + (9 - (-1 + -4 - -11)) + 2
1
Evaluate (8 - (-3 - -7)) + (-8 - -1).
-3
Calculate 4 + -6 + -7 - 4.
-13
What is the value of 4 + -2 - 3 - (14 - (-13 + 28))?
0
What is the value of 0 + (-31 - -26) + 14?
9
What is the value of 1 - (4 - 4) - (0 - 0 - 2)?
3
Calculate -8 - (39 - 38 - 39).
30
Calculate -3 - 6 - (-19 + -1 - (27 - 38)).
0
What is -4 - (2 + 5 - 2)?
-9
Evaluate (115 - 101) + (-1 - 7) + -2.
4
1 + -1 + -31 + (-155 - -164)
-22
1 + 16 + -5 - 35
-23
What is the value of 8 + (3 - 18) + 7?
0
What is the value of -16 + 15 + 1 + 9 - (-12 + 5)?
16
Evaluate (0 - -5) + (5 - 6) + (-5 - 1).
-2
Calculate (-13 - -5) + 19 + -2.
9
2 + 0 + -18 + (10 - 2)
-8
What is the value of -2 + 2 + -1 + 3 + (-2451 - -2442)?
-7
10 - ((-9 + -16 - -8) + 57)
-30
-3 + -26 - (16 - (42 + -16))
-19
Evaluate -69 + 78 - (3 + 1).
5
What is the value of (-15 - (8 - 3 - 4)) + (-26 - -33)?
-9
(-3 - (-13 - 8) - -3 - 4) + -4
13
Evaluate -12 - (15 - 22) - 2.
-7
What is (-4 - (-3 - -2)) + -4 + (861 - 867)?
-13
What is 8 - (2 + -4 - (-17 - -14))?
7
Evaluate 0 - ((3 - 1) + 3) - (50 - 54).
-1
What is the value of -14 + 0 + (13 - -9) + -20 + -8?
-20
What is the value of 12 + -1 + 260 + -263?
8
What is -16 + 4 + 0 + (10 + 0 - -33)?
31
(-19 - 20) + 30 + (-2 - 8 - -2)
-17
What is (-5 - (1 + -4)) + (-7 - -1 - -3)?
-5
-1 + -8 - (-9 + 13 - 3)
-10
What is the value of 2 + (-16 - -13) + 5?
4
What is 5 + 3 + -13 + 19?
14
What is (-21 - 2) + -527 + 534?
-16
What is the value of (-3 - -18) + 5 + -7?
13
94 + -115 + 1 + 14
-6
What is the value of (1 - -3) + 103 + -119?
-12
Evaluate 47 + (-34 - 4) - (-11 + (-1 - -2)).
19
-7 - (1 - (12 + -13)) - 9
-18
What is 18 - (22 - 14) - (-5 - (-4 + 2))?
13
What is (-32 + -2 - -1) + -3?
-36
Evaluate 1 + -5 + -2 - (-14 + (-3 - -9)).
2
0 + 0 + (-7 + -6 + 4 - -3)
-6
Evaluate (30 - ((6 - 17) + 14)) + -17.
10
What is 5 + 24 - (20 + -4)?
13
What is the value of 0 - 2 - (0 - -15) - (-17 - -14)?
-14
What is the value of (-3 - -10) + -24 + 6 + 43?
32
Evaluate 9 - 3 - (5 + -8 - 0) - 5.
4
What is 0 - 2 - (19 + 0 + (-17 - -12))?
-16
What is -28 + 12 - -17 - 12?
-11
Calculate 16 - (-13 + 23 - -18).
-12
Evaluate (-2 - 11 - -26) + -3.
10
-23 - -20 - (5 - 7 - 24)
23
Calculate -12 - ((-1 - 5 - -15) + -16) - 8.
-13
Calculate (-477 - -503) + 2 + 0 + -7.
21
What is 7 + (-6 - 4 - (-8 + 4))?
1
What is the value of (-3 - -9) + (-10 - (16 + (-17 - -5)))?
-8
5 + -1 + -2 + 7 + 1
10
-3 - (-6 - -17) - -11 - (-9 - -2)
4
Calculate -8 + (-13 - (3 - (7 + 2))).
-15
What is the value of 45 - ((22 - 15) + 24)?
14
What is the value of (-4 - ((9 - 7 - -1) + -2)) + 29?
24
Evaluate 2 - (-1 - -7) - (11 + -4).
-11
What is -19 - (2 + (-21 - -18))?
-18
Evaluate -7 - (1 + -12 - (-8 - -25 - 25)).
-4
Evaluate -29 - -12 - -1 - -6.
-10
What is the value of -1 + (-1 - (-5 + 6 + -5)) + -4?
-2
(10 - (-14 - -10)) + (-60 - -13)
-33
What is -1 + 7 - (-419 + 443)?
-18
(3 - 1 - -1) + 19 + -9 + -23
-10
13 - (13 - -13) - -22
9
-2 + 14 - (-30 - (-43 - -3))
2
Calculate (-2 - -10) + (28 - 34) - -3.
5
What is 23 + -10 + -2 + (-8 - (0 - 3))?
6
What is 14 - (12 + -8 - -11 - 2)?
1
Evaluate (-2 - -15) + -25 + (-3 - -17).
2
Calculate 0 + -1 + -22 + 2 + 14.
-7
What is the value of (-3 + 5 - 3) + 6 + -2 + 0?
3
What is the value of -3 + 49 + (-387 - -378)?
37
Evaluate (1 - 2) + 6 + 6 + (-52 - -4).
-37
What is the value of -40 + 1 - (-971 + 948)?
-16
What is the value of (3 - 4 - (-13 + 5 - -5)) + 3?
5
400 - 391 - (-2 - -1 - 4)
14
Calculate 10 + 5 + (-5 + 1 + 1 - 0).
12
Calculate 15 - 22 - (-8 + -2) - -6.
9
Calculate 11 + 1 - (-72 - -93).
-9
What is -48 + (101 - 83) + -7 + -2?
-39
593 - 577 - (-3 - -1)
18
Calculate (-1 + 6 + -10 - (-3 - 2)) + 8.
8
Evaluate -2 - 0 - ((11 - 0) + -15).
2
Evaluate (-1 + (-12 - -8) - 9) + 37.
23
Evaluate -3 - (-10 - 2 - -6) - (4 + 0).
-1
17 + -10 + (-14 - -4)
-3
What is (-16 - (-3 - (15 - 3))) + (0 - -28)?
27
Evaluate 18 - ((-12 - -2) + 6).
22
Evaluate 10 - (10 + (-10 - 1) + 1).
10
What is -10 - (-5 - (0 - 0)) - (4 - 47)?
38
What is the value of -1 + (-6 + -20 - -30)?
3
Evaluate 16 + 5 - (-3 + 24 + -13).
13
What is (-2 - -20) + (0 - -6) - (36 + -43)?
31
Evaluate (-19 - (9 + -22)) + 2 + 2 + -4.
-6
21 - (17 + -3) - (2 + 3)
2
Calculate 167 - 177 - (3 + (-35 - 3)).
25
Calculate -54 + (24 - -37) + -30.
-23
What is 5 + (-5 - 9) + 10?
1
What is the value of 10 - ((-73 - -82) + (1 - -6))?
-6
Evaluate -2 - (-4 + 3) - (-24 - -15).
8
What is -4 - 4 - (28 + -23 - 19)?
6
Evaluate -5 + 4 + 4 + (-6 - -6) - -2.
5
What is (-7 - -11 - -7) + -16?
-5
(-4 - (-10 + (8 - 1))) + -8
-9
2 + (12 + -13 + -8 - (1 - 4))
-4
Calculate -9 - (-54 + 35 - (-9 + -2)).
-1
Evaluate (-2 - (-6 - (3 + (-15 - 2)))) + 46.
36
Calculate (-6 + -13 - -4) + 18.
3
(-15 - -20) + 17 - 8
14
Evaluate -16 + (18 - (25 + -19)).
-4
-7 + 2 + (-1 + 4 - 0) + -7
-9
Evaluate 2 - -7 - (9 + -14 - -41).
-27
Calculate 0 + -5 + (-5 + 3 - -2) + 0.
-5
Evaluate (27 - 8) + (8 - 14).
13
Evaluate 5 + (-10 + 13 - 4) - 37.
-33
Evaluate (-5 - (-6 - -4) - -3) + 14.
14
What is 4 + -4 - (292 - 299)?
7
31 - -5 - 28 - (7 + 0)
1
Evaluate (0 - -29 - (54 + -33)) + (-43 - -1).
-34
Calculate -1 - ((2 - (-1 + -13 - -5)) + -6).
-6
What is the value of -16 - (8 - 18 - (-12 + 0))?
-18
What is the value of -18 + 4 + 35 + -17?
4
What is 4 - 1 - (23 + -18)?
-2
What is the value of 6 - ((-6 - -25) + -20 + 13)?
-6
31 - (5 + 23 - 16)
19
What is the value of -243 - -261 - (5 + 2 + -2 - -3)?
10
What is 6 + 7 + -1 + 4 + 0 + -5?
11
What is -34 - (22 - 61) - (1 + 1 + 7)?
-4
Evaluate -9 + 1 - (47 - 43 - 4).
-8
What is the value of -6 + (-13 - -57 - 18) + -5 + 1?
16
4 + -6 + (-1 - (-44 - -22))
19
Evaluate 301 + -317 + (1 - -1).
-14
(-20 - 2) + (100 + -119 - (-1 + -28))
-12
What is (-6 - ((-3 - 3) + 3)) + -6?
-9
Evaluate -2 + 0 + -49 - (15 - (-15 + 39)).
-42
Evaluate (10 + -14 - 24 - (1 + -8)) + 3.
-18
(-6 - 11 - -14) + 6 + 2
5
What is -1 + 9 + (44 - 35 - (12 + -2))?
7
What is the value of -9 + 3 + (0 - -9)?
3
Calculate (5 - 0 - (-90 - -104)) + 25.
16
Evaluate -1 + -15 + (-13 + 99 - 67).
3
What is the value of 7 + (0 - 9) + -2?
-4
Evaluate 1 - -2 - (-8 - ((-2 - 0) + 9)).
18
(1 - -14) + (-65 - (-32 + 7))
-25
-14 + -20 + 33 + -1 + (0 - 4)
-6
-6 + 13 + (32 - 18) + (0 - 6)
15
What is the value of -4 + (-3 - (-11 - (3 - 7)))?
0
10 + 18 + -10 - 1
17
Evaluate 1 - -25 - (-10 + 20) - 3.
13
Evaluate -24 + 14 + -1 - (-2 + -6).
-3
Calculate -13 - (-13 + (16 - 16) - 7).
7
What is 30 + 1 + -9 + 0 + 3 + 1?
26
What is the value of 5 - 16 - (4 - 40 - 16)?
41
Calculate -6 - ((-11 - (-11 - (-9 - -3))) + 2).
-2
4 - (-9 + 7 + -9)
15
What is the value of -3 - (-36 + 11 - -1)?
21
Calculate 4 - (40 + -12 - -1 - 13).
-12
-6 - 1 - (4 + 5 + (-2 - 3))
-11
What is -13 - (-5 + -30) - 4?
18
-11 - (-12 + -5 - -6)
0
What is 18 - (-9 - 28 - -23)?
32
Evaluate 46 + -47 + (14 - -4).
17
Calculate -9 + -14 + 7 - (-9 - -7).
-14
Evaluate 361 - 370 - ((3 - 9) + 1 + 1).
-5
Calculate 15 - (6 - (-5 + (-2 - -9)) - -1).
10
Evaluate 0 + (-2 - -2) - ((-14 - 6) + 33).
-13
(-1 - 0 - 3) + -2 - (21 + -24)
-3
What is the value of (34 - (40 + -17)) + -14?
-3
What is the value of 18 + -1 + -171 + 166?
12
What is the value of 26 + (-12 + -20 - -13)?
7
Calculate (16 - 10) + -4 - 2.
0
What is the value of (-45 - -9) + -25 +